
False
Is 125282039 a composite number?
False
Is 4073822 a prime number?
False
Is 1439513 a composite number?
False
Is 18348269 prime?
False
Is 14075069 a composite number?
False
Is 7639859 composite?
False
Is 69114607 prime?
False
Is 256736503 prime?
False
Is 5317919 a prime number?
False
Is 2212541 a prime number?
False
Is 3143243 composite?
False
Is 7425959 prime?
True
Is 21257 prime?
False
Is 2805619 composite?
False
Is 2237309 prime?
True
Is 11922929 prime?
False
Is 5051451 composite?
True
Is 195667 prime?
False
Is 51979619 a prime number?
True
Is 873133 prime?
True
Is 333273333 a composite number?
True
Is 6857087 a prime number?
False
Is 3584641 a composite number?
False
Is 536008511 a composite number?
False
Is 107359169 prime?
False
Is 787598446 composite?
True
Is 134551853 prime?
False
Is 442765397 a prime number?
False
Is 38812315 a prime number?
False
Is 369407 a prime number?
True
Is 203030873 a composite number?
True
Is 160739 prime?
True
Is 186589867 a composite number?
False
Is 11858161 composite?
True
Is 14149417 a composite number?
False
Is 13732514 a composite number?
True
Is 70947997 prime?
True
Is 81936021 prime?
False
Is 936560627 composite?
False
Is 54593483 prime?
False
Is 4060405 a composite number?
True
Is 987199 composite?
False
Is 113365489 prime?
True
Is 2260385 a prime number?
False
Is 7546345 a prime number?
False
Is 8134919 a prime number?
False
Is 9752213 a composite number?
False
Is 2620619 prime?
True
Is 3463931 a prime number?
False
Is 733421 composite?
True
Is 301211 a prime number?
True
Is 1976639 a composite number?
True
Is 1648909 a composite number?
False
Is 40456841 prime?
False
Is 1450245457 prime?
True
Is 3159707 a composite number?
False
Is 60279641 prime?
True
Is 85820231 a composite number?
True
Is 519985 a prime number?
False
Is 14557181 prime?
False
Is 1299347 prime?
False
Is 54037 composite?
False
Is 6694841 composite?
True
Is 132794159 a composite number?
False
Is 3480634 a composite number?
True
Is 45427403 a prime number?
False
Is 11796515 composite?
True
Is 2108248153 composite?
True
Is 20766287 a prime number?
False
Is 1880633 a composite number?
False
Is 227250823 a prime number?
False
Is 171056269 prime?
True
Is 366319 a prime number?
False
Is 29975047 a composite number?
True
Is 52708961 a composite number?
False
Is 199591 a prime number?
False
Is 33329 prime?
True
Is 3450661 composite?
True
Is 5492227 prime?
False
Is 61503641 composite?
False
Is 331623419 prime?
True
Is 765577 a composite number?
False
Is 397311319 prime?
True
Is 14903227 a prime number?
False
Is 27813319 a prime number?
True
Is 26109723 prime?
False
Is 735914041 a composite number?
False
Is 127751363 a prime number?
True
Is 27672419 composite?
False
Is 13708007 a prime number?
True
Is 83144651 a prime number?
False
Is 121980449 a composite number?
True
Is 82791937 a composite number?
False
Is 3146399 prime?
True
Is 105031831 prime?
False
Is 28321217 composite?
False
Is 212412577 a composite number?
True
Is 12832759 a prime number?
True
Is 53263841 a composite number?
False
Is 8204701 a prime number?
False
Is 6453439 a composite number?
True
Is 72349647 prime?
False
Is 57850411 prime?
False
Is 5714405 a composite number?
True
Is 77010043 composite?
True
Is 102274885 a prime number?
False
Is 27487345 composite?
True
Is 48425501 a prime number?
False
Is 6673363 composite?
False
Is 1391197 composite?
True
Is 48833965 a composite number?
True
Is 39858311 a composite number?
False
Is 3141307 prime?
False
Is 2072461 prime?
False
Is 14292689 a composite number?
True
Is 1123091 a composite number?
True
Is 3570131 prime?
True
Is 21103981 composite?
True
Is 15189047 a composite number?
True
Is 4089669 a prime number?
False
Is 27142957 a composite number?
False
Is 7924513 a prime number?
False
Is 456147305 composite?
True
Is 756997 prime?
False
Is 2045327 composite?
True
Is 106313717 a prime number?
True
Is 25491601 a prime number?
True
Is 26165353 a prime number?
False
Is 5100253 prime?
True
Is 2030676059 composite?
False
Is 251198659 a composite number?
False
Is 87131747 composite?
True
Is 357905279 a prime number?
False
Is 1686319 composite?
False
Is 2086037 prime?
True
Is 785163 a prime number?
False
Is 2269601 prime?
True
Is 12732607 prime?
False
Is 21660139 composite?
True
Is 304411 prime?
True
Is 412541 prime?
False
Is 754508914 prime?
False
Is 27272683 a composite number?
False
Is 1173617 a composite number?
False
Is 3587691 a prime number?
False
Is 6861389 composite?
True
Is 11475001 prime?
False
Is 4333829 prime?
True
Is 1991477 a prime number?
True
Is 6813349 prime?
True
Is 2249761 composite?
True
Is 3748579 prime?
False
Is 79564187 composite?
False
Is 3619873 prime?
True
Is 35720261 composite?
False
Is 558638443 a composite number?
True
Is 4378109 composite?
True
Is 34947391 a prime number?
True
Is 24226229 a prime number?
True
Is 11256431 a composite number?
True
Is 4155113 a prime number?
True
Is 222818317 prime?
True
Is 18288857 a prime number?
True
Is 45915319 composite?
False
Is 1918733 prime?
True
Is 84052231 composite?
False
Is 410691 composite?
True
Is 7975783 a composite number?
True
Is 3815065 composite?
True
Is 479023747 a composite number?
False
Is 11981623 prime?
True
Is 692554 composite?
True
Is 999299 prime?
False
Is 358913546 composite?
True
Is 32744269 a prime number?
False
Is 4751209 a composite number?
False
Is 2664323 composite?
True
Is 101635277 a composite number?
False
Is 297411131 prime?
True
Is 7445831 a prime number?
True
Is 5322383 a prime number?
False
Is 263403131 composite?
False
Is 10068161 a composite number?
False
Is 2838211 a composite number?
False
Is 479081 prime?
True
Is 239054953 composite?
False
Is 415186339 prime?
True
Is 62353931 a prime number?
False
Is 680671 prime?
False
Is 263832989 a composite number?
True
Is 110312981 a composite number?
True
Is 14844857 a prime number?
True
Is 78542731 prime?
False
Is 473255323 composite?
True
Is 19373273 composite?
True
Is 235718557 prime?
False
Is 3613798 prime?
False
Is 5938589 a prime number?
True
Is 124792001 a prime number?
True
Is 993763 a prime number?
True
Is 104313493 a composite number?
True
Is 3387913 composite?
True
Is 50167735 a composite number?
True
Is 194041 a prime number?
False
Is 36241897 prime?
True
Is 996617 a composite number?
False
Is 5254591 a composite number?
False
Is 4540733 a composite number?
True
Is 1320173 a composite number?
False
Is 468450245 a prime number?
False
Is 18438431 a composite number?
True
Is 30715985 composite?
True
Is 2558317 a composite number?
False
Is 715603 a composite number?
True
Is 464371 a composite number?
False
Is 13619041 composite?
True
Is 298397 prime?
False
Is 408049601 a prime number?
False
Is 275797903 prime?
True
Is 256649033 a composite number?
True
Is 7376099 a composite number?
True
Is 3763009 a composite number?
True
Is 97893857 prime?
False
Is 1170238 composite?
True
Is 620755613 prime?
True
Is 2047879 prime?
True
Is 21515057 a composite number?
False
Is 271338757 a composite number?
False
Is 27605647 composite?
False
Is 1561709 prime?
False
Is 36557909 composite?
False
Is 132040763 a prime number?
True
Is 141622519 a composite number?
True
Is 76075639 a composite number?
True
Is 228821 composite?
True
Is 1185997 a composite number?
False
Is 30532921 a prime number?
True
Is 2308837 composite?
True
Is 8486581 a prime number?
True
Is 72398783 a composite number?
False
Is 1612111 composite?
False
Is 1514593 a composite number?
False
Is 3354007 a composite number?
False
Is 591293 composite?
True
Is 755659 composite?
True
Is 1254262 composite?
True
Is 28597897 a prime number?
True
Is 747763 a composite number?
False
Is 5164517 composite?
False
Is 143131 composite?
True
Is 2768041 prime?
True
Is 182201387 a composite number?
False
Is 25254191 a composite number?
False
Is 82388981 a composite number?
True
Is 1318666919 a prime number?
True
Is 12352351 composite?
True
Is 709223 prime?
False
Is 513593 composite?
False
Is 2028074 prime?
False
Is 9837671 a composite number?
True
Is 5671717 prime?
True
Is 310152643 composite?
False
Is 117053 a prime number?
True
Is 812501 composite?
False
Is 89044727 prime?
True
Is 625710601 a prime number?
True
Is 62484737 a composite number?
